6 - -24) + -30.
14
Evaluate 1 + 6 + (-1 - 2) + -1.
3
What is (15 + -22 - 8) + -12 + 7?
-20
What is -7 + 3 + -1 + 8 + -4?
-1
What is the value of -3 - (-1 + (17 - 9)) - 5?
-15
What is the value of 3 - (2 + -22) - (-530 + 539)?
14
7 - (-16 - -7 - -6)
10
What is -3 + (2 - 5) + 15 + -4 + -7?
-2
What is 60 - 62 - (0 + 1) - -5?
2
Evaluate -110 + 121 + 4 + -2.
13
Evaluate -3 + (40 - 1) - (-206 - -212).
30
What is the value of -1115 + 1119 + (-1 + -4 + 1 - 1)?
-1
What is the value of 9 + -33 - (-39 + 7)?
8
Calculate 2 + (-15 - ((-5 - -3) + -5)) + 14.
8
Calculate 15 + 5 + -16 + 6 - 20.
-10
Calculate 5 + (-14 - -2) + -2.
-9
What is the value of 3 + (13 - 19) + 10 + 3 + -1?
9
-14 + -43 + 26 + 4
-27
Evaluate (-29 - -16) + 26 - 15.
-2
(-1 - 12) + -153 + 137 - -5
-24
What is 2 - (14 + -23) - 4?
7
What is the value of (16 - (18 + -10 - -2)) + 3?
9
3 + 0 + (7 - (15 + (-7 - -21)))
-19
Evaluate -13 + -1 + -17 + -3 + 13.
-21
Evaluate (-41 - 1) + (14 - 6).
-34
Evaluate 14 + (5 + (-12 - 1) - (-13 + 7)).
12
What is 4 + -6 + 10 - (30 + -13)?
-9
What is -18 + -7 - -26 - 2?
-1
Evaluate 13 - ((-3 - -8) + -5).
13
What is -3 + 2 + 5 + (1 - (12 - 8))?
1
20 + (2 - (3 + 12))
7
What is the value of 2 + 0 - (4 + 1 + -4)?
1
(29 - 2) + (13 - 34)
6
What is -9 + (-14 - (-1 + -12 - -1))?
-11
What is the value of 24 - (-4 + (4 - -12)) - 15?
-3
7 - (21 - ((23 - 4) + -11))
-6
Calculate (5 - (-4 + (-3 - 2))) + 1.
15
What is the value of 15 - ((3 - -5) + -7 + 7 + -4)?
11
Evaluate -8 + (2 - (-6 + 9)).
-9
What is ((6 - 7) + -6 - -4) + 10 - -2?
9
Calculate 0 + 9 + -3 + (6 - -3).
15
Evaluate 6 + (7 - (39 + -40)).
14
Calculate 1 + 10 + (-116 + 146 - (-2 - -25)).
18
-5 - (4 + -3) - (-10 - 13 - -18)
-1
What is the value of -4 + 5 + 2 + -10 + 13?
6
6 - (-46 + 32) - 1
19
41 + -58 + 19 + -3
-1
Calculate -10 - (5 - 3) - (-14 + 0).
2
What is the value of -9 - (9 + -1 + (-11 - 6))?
0
Evaluate 6 + 1 - (-6 + (-11 - -15) - -14).
-5
-18 - (-7 + -1 + (-47 - -53))
-16
What is the value of 7 - -9 - (32 - 25)?
9
((-15 - -22) + -12 - (2 + -17)) + 4
14
Calculate 0 - -2 - (26 + -20 - (-22 + -3)).
-29
Evaluate -7 - (-12 + -29 + 19 + -14).
29
Calculate (-78 - -157) + -98 + 1 + (5 - 1).
-14
Calculate 9 + 1 - (-129 - -105 - (-2 + 6)).
38
Evaluate 38 + (-78 - -17) + 22.
-1
Evaluate (6 - (-6 + 18)) + -1.
-7
Calculate 5 + (1 - (12 - 1)).
-5
Evaluate -6 + (2 - 1) + (10 - 5 - 0).
0
Calculate (-2 + -7 - -4) + (34 - 12) + 14.
31
6 + -1 + 3 + (8 - (1 + 9))
6
Evaluate -10 + 35 + -25 - (12 + 1).
-13
-14 + -11 + 40 + 18
33
Calculate 8 + (1 + -2 - (-41 + 63)).
-15
-18 + 8 + 1 + -7
-16
What is 5 + (-12 - 22) - -23?
-6
What is the value of 320 + -374 + 17 + -2 + (-2 - -7)?
-34
Calculate 11 + (23 + -13 - (15 - 10)).
16
22 + 2 + 1 - 39
-14
What is (25 + -24 - -24) + -40?
-15
Calculate -3 + (3 + -6 - -1) + 172 + -168.
-1
(-16 - -15 - (0 + -7)) + (15 - 15)
6
What is 0 + -2 + -6 + -17 + 3?
-22
-73 - -84 - (-2 - (-4 - 2))
7
Calculate 5 - 0 - (5 + -7 + 21 + -8).
-6
What is 7 - 11 - (13 + (5 - 8))?
-14
What is (4 - 3) + 0 + 49 + -57?
-7
Calculate -12 + 5 + 10 + 11 + -48.
-34
Calculate -1 - ((-30 - -29) + (15 - (4 - 2))).
-13
What is the value of (20 + 22 - 34) + -13?
-5
What is -25 + (61 - 23 - 14)?
-1
Evaluate 78 + -40 + -70 + (3 - -2) + -3.
-30
What is the value of 3 + (-2 - 1) + (-13 - (15 - 20))?
-8
What is -6 + 4 + -4 + -10 + 4?
-12
What is -10 + (-6 - 2 - (-168 + 155))?
-5
What is the value of 94 - 110 - (-5 + 4 + -4)?
-11
What is 15 - 6 - ((4 - 2) + 5)?
2
What is the value of (11 - -5) + (0 - 10)?
6
14 + (-48 - -20) + 33
19
Calculate -1 + 5 - (-21 + 17 + 12).
-4
1 + -10 + 217 + -232
-24
Calculate -2 - (-2 - -3 - 12) - (-158 - -163).
4
What is (-40 - (-17 - 5)) + 5?
-13
What is 20 - (42 + -15 - -9)?
-16
What is 3 - 0 - (424 + -429)?
8
Evaluate -5 + 14 + 0 + -1 - (24 - 33).
17
What is the value of -8 + (-7 - (13 - 4)) + 28?
4
What is the value of 8 + 1 + -13 + -11 + -11?
-26
-36 + 40 - ((-2 - 19) + -15 + 13)
27
Evaluate 6 - (11 + (-5 - (-1 - 6 - -4))).
-3
Evaluate 8 - (3 + -2) - (493 - 489) - 13.
-10
4 + (5 - 10) + -4 + -4
-9
Evaluate (11 + -15 - (-2 - 3)) + -23 + 3.
-19
-22 - (0 + 7 + -22)
-7
Calculate 1 + 1 - (14 - 3 - (-1 + 3)).
-7
(5 - (-3 - (-7 - 3))) + -34 + 19
-17
-7 - -80 - 14 - 34
25
What is 18 - (14 - (8 + -1)) - -3?
14
(7 + -31 - -9) + (-12 - -1)
-26
Calculate -4 + (-29 - -28) + (-2 - 4).
-11
Evaluate 24 - (-20 + 63) - (0 - 7).
-12
Evaluate -36 + (19 - (15 - 16)).
-16
Calculate -1 + 10 + -4 - (3 - 0 - 14).
16
What is -47 + 41 + (-4 - (-1 - -2))?
-11
15 - (-11 + 14) - 14
-2
Calculate -17 + 27 - 5 - -10.
15
286 + -282 + 1 + -24
-19
What is the value of -2 + -4 - -10 - 4?
0
What is the value of (30 - 41 - -1 - (1 - 11)) + 10?
10
Calculate (5 - 14 - (1 + -7 - 34)) + -2.
29
What is the value of -32 + 74 - (-12 - -43)?
11
What is -2 + (2 - 0 - -3) - (-130 + 134)?
-1
What is the value of -3 + -36 + 16 + 41?
18
-1 + -8 + (45 - (-22 - -49))
9
29 + -34 + (-3 - 3)
-11
Calculate 14 - 20 - (13 + -10).
-9
What is 22 + -4 - (-24 - (-37 + 4))?
9
-13 + (1 - (-11 - 0))
-1
What is -6 + -2 - (7 - (-8 + 15 - 12))?
-20
What is the value of (20 - (-4 - -4)) + (-14 - -7)?
13
Calculate 17 + 6 - 18 - 1.
4
-18 - (-22 + -12 + 49)
-33
Calculate -4 - 15 - (-34 + 33).
-18
What is the value of (-138 - -166) + (-9 - (-4 - 0))?
23
Calculate -20 + 10 + -14 + 29.
5
Calculate -29 + (23 - (-36 + 15)).
15
What is -17 + (16 - (-18 - -13))?
4
Evaluate -9 - (-3 - -6) - (103 - 108).
-7
Evaluate 5 + (1 - -3 - (-26 + 36)) + 1.
0
What is -2 + -18 + 10 + (-2 + 6 - 0)?
-6
What is the value of -5 + (18 - 1) + -3 + -16?
-7
Evaluate (14 - 0 - (-10 + 40)) + 5 + -16.
-27
Evaluate -7 + -1 + 2 + 10 + (-1 - 0).
3
Calculate 3 - ((-2 - (-4 - -4)) + -3).
8
Calculate (-13 - -6) + 11 - -6.
10
Calculate (-6 - (-9 + 8)) + -29 + 51.
17
What is the value of -45 + (0 - (-4 - 23))?
-18
What is the value of 101 - 89 - (-1 + (-2 - -13))?
2
What is (-1 - (-2 + 0 - -5)) + (-282 - -305)?
19
What is (2 + 3 - 2 - (13 - 21)) + 8?
19
Evaluate (4 - (12 + -20 + 5)) + -10.
-3
What is the value of -1 - ((-10 - -13) + -1)?
-3
Evaluate (27 - (29 - -9)) + 2.
-9
-5 + -12 - (5 - 27)
5
-40 + 0 + 611 + -606
-35
What is -3 + (5 - 7 - -13)?
8
What is the value of (7 - (-2 + 5) - -1) + 7?
12
-7 + (8 - (22 - (16 - 8)))
-13
What is -3 + -2 - (-3 - (6 + 3) - 11)?
18
Evaluate (-11 - (9 + 7 + -35)) + 29.
37
31 - (33 + 10) - 12
-24
What is the value of 1 - 11 - (74 + (58 - 132))?
-10
What is -38 + (-11 - -50) - -37?
38
What is the value of -6 + (9 - 8) + 9 + 2?
6
39 + -19 + -11 + -11 + 2
0
(-5 - -32) + -19 - (1 + 1)
6
Calculate (-2 - 0) + -44 + 66.
20
Calculate 34 + (12 - 5 - 24 - -16).
33
Evaluate 21 + -32 + (48 - 12).
25
What is the value of -4 - (-4 + -8) - -2 - (0 - -4)?
6
What is -58 + 39 - (-3 - 22)?
6
Calculate (-17 - -43) + -24 + 2 + 3.
7
15 + 10 - 13 - 6
6
What is (36 - (18 - 5)) + -22?
1
What is the value of -49 + 27 + -3 + -3 + 1?
-27
Calculate 15 + 2 + -7 + (4 - 1) - 5.
8
Calculate (7 - -1) + (57 - 4) + -65.
-4
What is (10 + (-1 - -2) - (-44 - -44)) + 4?
15
Calculate 5 + -8 + -45 + 40.
-8
Evaluate (0 - 5) + (-1 + -9 - -2).
-13
What is -5 - -1 - 0 - -13 - 1?
8
Evaluate 0 + (14 - 10 - 29) + (-1 - -12).
-14
Calculate (12 - (12 - -13)) + 3 + (-3 - -3).
-10
Calculate (-2 - ((-1 - 2) + 0)) + 1223 + -1234.
-10
What is the value of -21 + 1 - (-59 + 62)?
-23
What is -1 - -2 - (-6 - (-16 + 14 - -11))?
16
Calculate -1 + (-3 + 1 + -5 - 1).
-9
What is 3 + 2 + -1 + (-169 - -155)?
-10
Evaluate -4 + (8 - (-5 - 12)) + -15.
6
Calculate 3 + (4 + -6 - 3 - -3) - 2.
-1
What is the value of -18 + 18 + -15 + 27?
12
(0 - 1) + -1 + -5 - (-25 - -5)
13
Evaluate (10 - (2 - -1)) + -2 + 2 - -9.
16
What is 4 - ((1 - (16 + -5)) + 44)?
-30
What is the value of 11 + (-16 - (-1 - (12 - 7)))?
1
What is the value of -17 + 19 + (-22 - -31)?
11
Evaluate (-19 - -64 - 38) + 8.
15
Evaluate 92 - 93 - (3 - (0 - 1)) - 12.
-17
-5 - (-21 - -3 - -11)
2
-4 - (-3 + -12) - (1 + 25)
-15
Calculate -3 + -3 - (-19 - (-8 + (15 - 12))).
8
What is the value of 14 + -9 + (-19 - -27)?
13
Evaluate -8 - 2 - (-43 + 6 + 14).
13
-2 - ((-5 - (-17 - -7)) + -11)
4
-1 - -13 - (22 - 13 - 17 - 9)
29
(-74 - -63) + (-10 - 2) - -13
-10
What is -6 + (-20 - -13) + -9?
-22
What is (9 - -10 - 14) + -14 + 23?
14
-17 + (-12 - -18) - (-1 - -10)
-20
What is the value of 4 - (19